{"id":49,"date":"2023-06-22T09:19:40","date_gmt":"2023-06-22T07:19:40","guid":{"rendered":"https:\/\/wordpress-classroom.com\/maxime\/?post_type=product&#038;p=49"},"modified":"2023-06-22T15:32:35","modified_gmt":"2023-06-22T13:32:35","slug":"chateau-du-lort-2020","status":"publish","type":"product","link":"https:\/\/wordpress-classroom.com\/maxime\/produit\/chateau-du-lort-2020\/","title":{"rendered":"Ch\u00e2teau du Lort 2020"},"content":{"rendered":"<div class=\"clearfix margin-top-5\">Le Ch\u00e2teau du Lort 2020 se pr\u00e9sente dans une robe rouge sombre. Le nez \u00e9voque des ar\u00f4mes de baies noires juteuses, des notes toast\u00e9es. Apr\u00e8s une attaque souple, on retrouve un bel \u00e9quilibre \u00e0 travers une trame tannique soyeuse et dense. Avec une complexit\u00e9 aromatique et une belle \u00e9l\u00e9gance jusqu&#8217;en finale, c&#8217;est un vin tr\u00e8s harmonieux!<\/div>\n","protected":false},"excerpt":{"rendered":"<p><strong class=\"accroche text-bold taille-sm\">Un Bordeaux Sup\u00e9rieur harmonieux qui montre une tr\u00e8s belle complexit\u00e9!<\/strong><\/p>\n","protected":false},"featured_media":50,"comment_status":"open","ping_status":"closed","template":"","meta":[],"product_cat":[22,24],"product_tag":[],"class_list":["post-49","product","type-product","status-publish","has-post-thumbnail","hentry","product_cat-bordeaux","product_cat-vins-rouges"],"_links":{"self":[{"href":"https:\/\/wordpress-classroom.com\/maxime\/wp-json\/wp\/v2\/product\/49","targetHints":{"allow":["GET"]}}],"collection":[{"href":"https:\/\/wordpress-classroom.com\/maxime\/wp-json\/wp\/v2\/product"}],"about":[{"href":"https:\/\/wordpress-classroom.com\/maxime\/wp-json\/wp\/v2\/types\/product"}],"replies":[{"embeddable":true,"href":"https:\/\/wordpress-classroom.com\/maxime\/wp-json\/wp\/v2\/comments?post=49"}],"wp:featuredmedia":[{"embeddable":true,"href":"https:\/\/wordpress-classroom.com\/maxime\/wp-json\/wp\/v2\/media\/50"}],"wp:attachment":[{"href":"https:\/\/wordpress-classroom.com\/maxime\/wp-json\/wp\/v2\/media?parent=49"}],"wp:term":[{"taxonomy":"product_cat","embeddable":true,"href":"https:\/\/wordpress-classroom.com\/maxime\/wp-json\/wp\/v2\/product_cat?post=49"},{"taxonomy":"product_tag","embeddable":true,"href":"https:\/\/wordpress-classroom.com\/maxime\/wp-json\/wp\/v2\/product_tag?post=49"}],"curies":[{"name":"wp","href":"https:\/\/api.w.org\/{rel}","templated":true}]}}