{"id":82,"date":"2023-06-22T11:26:14","date_gmt":"2023-06-22T09:26:14","guid":{"rendered":"https:\/\/wordpress-classroom.com\/maxime\/?post_type=product&#038;p=82"},"modified":"2023-06-22T15:13:47","modified_gmt":"2023-06-22T13:13:47","slug":"whisky-ardberg-ten-10-ans","status":"publish","type":"product","link":"https:\/\/wordpress-classroom.com\/maxime\/produit\/whisky-ardberg-ten-10-ans\/","title":{"rendered":"Whisky Ardberg Ten 10 ans"},"content":{"rendered":"<p>R\u00e9f\u00e9rence incontournable des amateurs de whisky,\u00a0Ardbeg\u00a0Ten est sans doute l&#8217;un des\u00a0<a class=\"maillage\" href=\"https:\/\/www.vinatis.com\/achat-spiritueux-whisky\">whiskys<\/a>\u00a0le plus tourb\u00e9, le plus\u00a0fum\u00e9\u00a0et le plus complexe au monde. La tourbe laisse cependant place lors de la d\u00e9gustation \u00e0 une douceur naturelle et \u00e0 un bel \u00e9quilibre, r\u00e9v\u00e9lant un whisky riche et enveloppant. Dans la lign\u00e9e de la tradition de la distillerie, il est extrait et non filtr\u00e9 \u00e0 froid afin de conserver un maximum de saveur, de corps et de profondeur !<\/p>\n","protected":false},"excerpt":{"rendered":"<div class=\"clearfix margin-top-5\"><strong class=\"accroche text-bold taille-sm\">Goutez au whisky \u00e9lu meilleur single malt au monde par Jim Murray !<\/strong><\/div>\n","protected":false},"featured_media":83,"comment_status":"open","ping_status":"closed","template":"","meta":[],"product_cat":[28],"product_tag":[],"class_list":["post-82","product","type-product","status-publish","has-post-thumbnail","hentry","product_cat-alcools-forts"],"_links":{"self":[{"href":"https:\/\/wordpress-classroom.com\/maxime\/wp-json\/wp\/v2\/product\/82","targetHints":{"allow":["GET"]}}],"collection":[{"href":"https:\/\/wordpress-classroom.com\/maxime\/wp-json\/wp\/v2\/product"}],"about":[{"href":"https:\/\/wordpress-classroom.com\/maxime\/wp-json\/wp\/v2\/types\/product"}],"replies":[{"embeddable":true,"href":"https:\/\/wordpress-classroom.com\/maxime\/wp-json\/wp\/v2\/comments?post=82"}],"wp:featuredmedia":[{"embeddable":true,"href":"https:\/\/wordpress-classroom.com\/maxime\/wp-json\/wp\/v2\/media\/83"}],"wp:attachment":[{"href":"https:\/\/wordpress-classroom.com\/maxime\/wp-json\/wp\/v2\/media?parent=82"}],"wp:term":[{"taxonomy":"product_cat","embeddable":true,"href":"https:\/\/wordpress-classroom.com\/maxime\/wp-json\/wp\/v2\/product_cat?post=82"},{"taxonomy":"product_tag","embeddable":true,"href":"https:\/\/wordpress-classroom.com\/maxime\/wp-json\/wp\/v2\/product_tag?post=82"}],"curies":[{"name":"wp","href":"https:\/\/api.w.org\/{rel}","templated":true}]}}